et g be j(1). Suppose g + 68 = 5*x. What are the prime factors of x?
2, 7
Let b = 14 - 10. Let m = b + -1. List the prime factors of m.
3
Suppose -d + n = -138, -2*n + 10 = -4*n. What are the prime factors of d?
7, 19
Suppose 2*j = -j + 39. List the prime factors of j.
13
Suppose i - 116 - 39 = -4*a, -15 = 3*a. What are the prime factors of i?
5, 7
Let d = -8 - -24. Suppose z - 6*z + 130 = 0. Let k = z - d. What are the prime factors of k?
2, 5
Let j be 5/(-10) + (-14)/(-4). Let g(b) = -5*b**2 + 8*b. Let i(d) = -4*d**2 + 8*d - 1. Let q(t) = -3*g(t) + 4*i(t). What are the prime factors of q(j)?
11
Let h(m) = -3 + 7 + 2*m - m. Let y(c) = c**3 - 5*c**2 + 6*c - 2. Let p be y(4). List the prime factors of h(p).
2, 5
Let x = 11 - 7. Suppose -x*p = -0*s - 2*s - 84, 3*p + s - 68 = 0. List the prime factors of p.
2, 11
Suppose 3*x + 322 = 2*r, 6*r = r + 5*x + 815. List the prime factors of r.
167
Suppose -5*x - 4*t + 32 = -0*t, 4*t - 8 = -2*x. What are the prime factors of 54/(-12)*x/(-3)?
2, 3
Let o(r) = -r**3 + r + 23. List the prime factors of o(0).
23
Let l = -211 - -307. List the prime factors of l.
2, 3
Suppose 27*z - 19*z - 480 = 0. List the prime factors of z.
2, 3, 5
Suppose q - 1 - 8 = 0. Let l(j) = j**3 - 8*j**2 - 10*j + 9. Let b be l(q). Suppose b = h + h - 20. List the prime factors of h.
2, 5
Let a = 601 - 381. List the prime factors of a.
2, 5, 11
Let b = -19 - -21. What are the prime factors of 2/(b/13) + 1?
2, 7
Let q be 3/1 + 1 + -26. What are the prime factors of q*3/18*-3?
11
Suppose 2*m = 5*a - 233, -5*m = 4*a - 115 - 45. Suppose -4*y = y - a. What are the prime factors of y?
3
Let t(g) = -g + 3. Let q = 3 - 13. List the prime factors of t(q).
13
Let y be (-2 + 2 - -6) + -3. Suppose y*p = 81 - 21. What are the prime factors of p?
2, 5
Suppose q - 4*z = -0*z + 334, 0 = -4*q - 4*z + 1376. List the prime factors of q.
2, 3, 19
Suppose i + 51 = 2*i. Suppose 0 = -2*z - 0*z + 5*r + 104, -z + 2*r + i = 0. What are the prime factors of z?
47
Let o be 4/(-10) - (-88)/20. Suppose -h + f + o = 3*f, 25 = 4*h - f. Suppose 0 = -t + h + 3. List the prime factors of t.
3
List the prime factors of (-6)/((-1 - 0)/1).
2, 3
What are the prime factors of 442/10 - (-4)/5?
3, 5
Let n = 106 - 31. Suppose 6*a + 5*r = 2*a + 81, r = -5*a + n. List the prime factors of a.
2, 7
Let p(x) = 7*x**2 - x + 1. What are the prime factors of p(1)?
7
Let o(b) = 5*b + 3. List the prime factors of o(8).
43
Suppose 4*h = 16, f + 0*f - h - 55 = 0. What are the prime factors of f?
59
Suppose -m + 6 = -0*u + 4*u, -4*m + 4*u + 44 = 0. Suppose 0 = a - 2*y - m + 2, 0 = -5*y. List the prime factors of a.
2
Let x(d) = -4*d + 2. Let h(j) = -3*j + 3. Let b(a) = 3*h(a) - 2*x(a). List the prime factors of b(0).
5
Suppose 2*m + 59 = k + 4*k, -3*m - k - 63 = 0. What are the prime factors of (-224)/m - (-12)/(-66)?
2, 5
Let f(w) be the first derivative of -w**3/3 - 7*w**2 + 6*w + 1. What are the prime factors of f(-13)?
19
Let b be (-9)/6*4/(-3). List the prime factors of (7 - 8)/(b/(-58)).
29
Suppose 13*i - 8*i - 400 = 0. What are the prime factors of i?
2, 5
Let k = 7 - -13. List the prime factors of k.
2, 5
Let m(z) = -z**3 + 7*z**2 + 4*z + 8. Let x be m(7). Suppose -3*y - 2*w - 1 = -x, -4*y = 4*w - 44. List the prime factors of y.
13
Let l(x) = -x**2 + x - 2. Let u be l(3). Let v = 14 + u. List the prime factors of v.
2, 3
Let l(t) = -8*t**2 + 5. Let d(u) = -23*u**2 + 14. Let q(s) = -3*d(s) + 8*l(s). Let b be q(-2). Let j = b + -7. What are the prime factors of j?
11
Let g(z) = 14*z**3 - 4*z**2 + 3*z + 1. List the prime factors of g(3).
2, 11
Let x(b) = -b**3 + 9*b**2 - 4*b + 1. What are the prime factors of x(8)?
3, 11
What are the prime factors of 28/10*(-2 + 7)?
2, 7
Suppose -5*d + 374 = 3*t, 2*d + 2*t - 144 = -2*t. Let y = -42 + d. Suppose -f - f + 13 = h, 4*h - f = y. What are the prime factors of h?
3
Let x = -166 + 236. What are the prime factors of x?
2, 5, 7
Let j(d) = d**3 - 6*d**2 + 11*d - 9. What are the prime factors of j(8)?
3, 23
Suppose -4*r - 3 = -r. Let j = 14 - r. What are the prime factors of j?
3, 5
Suppose 38 = 5*g - 3*g. Suppose -67 = -3*t - t - j, -g = -t + 2*j. List the prime factors of t.
17
Let a be 4/14 + 5/7. Let v = 1 - a. Suppose v = 5*b - 10, -3*b + 0*b + 33 = 3*w. List the prime factors of w.
3
Let m = 37 + 15. List the prime factors of m.
2, 13
Let y(w) = 2*w - 7. What are the prime factors of y(7)?
7
List the prime factors of (-11)/(-11)*(115 + 1).
2, 29
Let z(n) = 4*n**3 - n**2 - n. Let s be z(2). Suppose -m + 13 = -s. Suppose -3*b = 2*u + 3*u - m, -5*u = -b - 47. What are the prime factors of u?
3
Suppose -3*p + 72 = -p - s, -s + 150 = 4*p. What are the prime factors of p?
37
Let b(v) = 2*v - 1. Suppose 3*q = q - 22. Let m = q - -13. List the prime factors of b(m).
3
Let f(j) = 2*j + 97. List the prime factors of f(0).
97
Let i(r) = -r**2 - r + 1. Suppose 5*s = -25, 5*u - 2*s = -0*s + 20. Let h(c) = -3*c**2 - c. Let y(o) = u*i(o) - h(o). List the prime factors of y(3).
2
Let m be 5 + (-2)/(-1 + 2). Suppose -y + m*k + 21 = -7, k + 41 = 2*y. What are the prime factors of y?
19
Let y(b) = 5*b**2 - b - 4. List the prime factors of y(3).
2, 19
Let o(a) be the second derivative of a**3/6 + 35*a**2/2 + 3*a. Let g be o(0). Suppose -2*x - 33 = -3*s, 3*s - g = -2*x - 14. What are the prime factors of s?
3
Let d(f) = -f**3 - 4*f**2 + 5*f + 6. Suppose 0*i - 5*i = 25. What are the prime factors of d(i)?
2, 3
Let j = -143 + 256. List the prime factors of j.
113
Suppose -4*k - 4*s - 4 = 0, 2 + 9 = -k - 3*s. Suppose -k*o + 20 = -3*v, 11 + 3 = 5*o - v. List the prime factors of o.
2
Suppose -3*n + 551 = 4*m, m - n = -2*n + 138. Suppose g = 2 + 2, -2*g = 3*v - m. What are the prime factors of v?
43
Suppose 0 = 5*q + 7 - 2. Let w be 9*q/3*-1. Suppose w*x = -x + 24. What are the prime factors of x?
2, 3
Let u be (-1 + 2)/(1/2). Suppose v = 3*m - 1, -4*m - m = -u*v. What are the prime factors of m?
2
Suppose 3*r - y = -2*r + 25, 0 = 5*r - 3*y - 15. What are the prime factors of r?
2, 3
Let d(u) = 16*u**3 - u**2 + 1. List the prime factors of d(1).
2
Let c = 124 - -1. List the prime factors of c.
5
Let l = -1 + 8. List the prime factors of l.
7
Let k(o) = -o**2 - 7*o - 1. Let t be k(-6). Let r be 3*-1*1*-7. Suppose 2*h = t*h - r. List the prime factors of h.
7
Let t(k) be the second derivative of -k**3/2 + 3*k. Suppose -5*u + 3*u = 8. What are the prime factors of t(u)?
2, 3
Let f = -7 + 17. What are the prime factors of f?
2, 5
Let c(p) = 3*p**2 - p - 1. Let w be c(-1). Suppose -g - 9 = -4*g, -5 = f - w*g. Suppose 2*a + 2*a + 64 = f*z, 5*a = -4*z + 28. What are the prime factors of z?
2, 3
Suppose -2*y - 1 = -17. What are the prime factors of y?
2
Suppose -w + 6 = -2*w. List the prime factors of (w/4)/(2/(-16)).
2, 3
Suppose -23 = -5*s + 7. Suppose -w = -s*w + 70. List the prime factors of w.
2, 7
Let v(x) = -x**3 - 5*x**2 - 8*x - 4. What are the prime factors of v(-6)?
2, 5
List the prime factors of (26/(-14) - -1)/((-6)/28).
2
Let o(l) = l**2. Let b be o(0). Suppose b = -2*t + 4 + 2. List the prime factors of t.
3
Let x be 6/(-9) - 2/(-3). List the prime factors of 2*(x - (0 + -1)).
2
Suppose 0 = -4*m - 5*w + 11, 5*m = 3*w - 5 + 65. Let t = m - -7. Suppose -5*g + 28 = 3*q, -7 - t = -2*q + g. What are the prime factors of q?
11
Let z(c) = c**3 + 6*c**2 + 5*c + 5. What are the prime factors of z(-5)?
5
Suppose -2*u - 3*g - 19 = -7*u, -5*g - 23 = -4*u. Suppose u*z - 26 = z. What are the prime factors of z?
2, 13
Let n = 62 + -18. What are the prime factors of n?
2, 11
Let w(s) = 2 - 3 + 0 - s + 4. What are the prime factors of w(-3)?
2, 3
Let m be (12/(-30))/((-1)/50). Suppose -c = 10 - 2. What are the prime factors of (6/c)/((-5)/m)?
3
Let l(t) = 11*t - 5. Let k be l(4). Suppose 0 = c - 3*c. Suppose 3*a = -5*i + 11, k = 5*a - 2*i - c. What are the prime factors of a?
7
Let f = 4 + -8. Let x = f + 6. Suppose -5*u + x*b + 45 = 0, 2*u - 10 - 9 = b. What are the prime factors of u?
7
Suppose -4*z = -20 - 0. Let k(a) = a**3 - 4*a**2 - 4*a + 1. Let j be k(5). Suppose 4*n - z*n = -j. What are the prime factors of n?
2, 3
Suppose -2*y + 1 = 3, -2*g = 3*y - 371. List the prime factors of g.
11, 17
Suppose -4*g - 6 = -30. Suppose g*l = 2*l + 76. What are the prime factors